(z) = z**2 - 19*z - 984. What are the prime factors of v(45)?
2, 3, 31
Suppose 5*v + 5*p - 1365 = 0, -p + 2*p - 1083 = -4*v. Let m = -120 + v. What are the prime factors of m?
2, 3, 5
Let n(r) = 1454*r**2 - 62*r - 2. List the prime factors of n(-4).
2, 5, 2351
Suppose -5*o - 305920 = -5*s, -3*s + 5*o + 259976 = 76432. List the prime factors of s.
2, 3, 5099
Let z(s) be the first derivative of -9*s - 9*s**3 + 30 + 25/2*s**2 + 1/2*s**4. List the prime factors of z(13).
3, 7
Suppose -37*h + 2 = -40*h + t, 2*t - 13 = -3*h. What are the prime factors of (-84 + h)*((6 - -4) + -15)?
5, 83
Let y = 109299 - 70435. What are the prime factors of y?
2, 7, 347
Let y = 830 - 830. Suppose -975 = -3*n + 3*s, -2*n + y*n - s = -638. List the prime factors of n.
3, 107
Let m(r) = r**3 + 14*r**2 - r + 12. Let s be m(-13). Suppose -s*b = -198*b + 1224. List the prime factors of b.
2, 3, 17
Let z be 72/(-90) + (-29)/(-5). Suppose -2*h + z*h - 4*s - 1098 = 0, 4*h = s + 1477. List the prime factors of h.
2, 5, 37
Suppose 12*q - 6 = 11*q. Suppose 8*j - 576 = q*j. What are the prime factors of j?
2, 3
Let q be 5/(1 - 0)*1. Suppose -2*l + a = 2*l - 13, -5*a + 35 = q*l. Suppose -l*b + 126 = -226. What are the prime factors of b?
2, 11
Let g(y) = 309*y**3 + y**2 + 13*y - 9. What are the prime factors of g(2)?
3, 277
Suppose -65*o + 60*o - 4*j = -28429, -o + 5673 = 4*j. What are the prime factors of o?
5689
Let l(r) = 9*r**3 - 2*r**2 - 7*r - 1. Suppose -19*i + 14*i + 15 = 0. Let o be l(i). Let u = o + -84. List the prime factors of u.
7, 17
Suppose -7041*y = -6962*y - 3603901. What are the prime factors of y?
7, 19
Suppose 5*c + 264040 = 4*g + 7*c, -30 = -5*c. What are the prime factors of g?
149, 443
Let d(r) = 37*r**2 + 537*r - 80. List the prime factors of d(-26).
2, 5, 1097
Let p be (-1 - -5)*5/(30/9). Suppose p*y = 5*y - t + 370, -355 = -y - 4*t. List the prime factors of y.
3, 5
Let t(x) = -2*x + 12. Let o be 1*3/(-12) - (-222)/(-8). Let d be (21/o + 158/8)/(-1). List the prime factors of t(d).
2, 5
Suppose 5*b - 4 = -14, -b - 5862 = -2*q. What are the prime factors of q?
2, 5, 293
What are the prime factors of (-10864)/582*4/((-32)/126)?
2, 3, 7
Suppose -2*o + 93607 = 3*u, 3183 = o + 5*u - 43645. List the prime factors of o.
73, 641
Let t(j) = 2347*j - 85. What are the prime factors of t(4)?
3, 7, 443
Let l(t) = t**3 + 14*t**2 + 11*t - 31. Let f be l(-13). Let p be (-61)/f - (-7)/(-35). Suppose -p*m + 7*m + 245 = 0. List the prime factors of m.
7
Suppose 33*s + 8*s + 57*s - 992642 = 0. List the prime factors of s.
7, 1447
Let d(z) = 7*z - 20. Let f be d(-2). Let o be (17/f)/((-2290)/(-1144) - 2). Let h = o - -403. List the prime factors of h.
3, 13
Let b = -92 + 106. Let z = 83 - b. What are the prime factors of z?
3, 23
Let s = 19607 + -15762. List the prime factors of s.
5, 769
Suppose -14499 = -15*q - 12*q. List the prime factors of q.
3, 179
What are the prime factors of 29882 - -7*168/(-147)?
2, 3, 13, 383
Let k(b) = 1356*b - 3964. What are the prime factors of k(4)?
2, 5, 73
Suppose -3*t + 6*t = c - 26736, 5*c = -5*t + 133560. List the prime factors of c.
2, 3, 61, 73
Let g be 33 + 5 + -3 + -4. Suppose b - 358 = -4*a - g, 4*a = -3*b + 333. Suppose 5*h - 4*k = 75, 0*k - k + a = 4*h. What are the prime factors of h?
19
Suppose -1157244 = 646*p - 690*p. What are the prime factors of p?
3, 11, 797
Let x be (-16)/(-2) + 1 + (74 - 81). Let b = -3 - -3. Suppose -o + 4*j + 57 = b, -o + x*j + 56 = 3. What are the prime factors of o?
7
Suppose -362*v + 3895707 + 6607701 + 2932946 = 0. List the prime factors of v.
37117
Let v be ((-10479)/14 + 1)*8/(-10). Suppose -2*s = -2*u - 2*u - v, -5*s = -5. Let o = 64 - u. What are the prime factors of o?
3, 71
Let s(b) be the first derivative of -27*b**4/2 + b**3 - 6*b + 200. What are the prime factors of s(-2)?
2, 3, 73
Let t = 48386 + -33244. List the prime factors of t.
2, 67, 113
Let c(g) be the first derivative of -g**3/3 + 47*g**2/2 - 33*g - 59. List the prime factors of c(33).
3, 11, 13
Let a = 38 + -23. Let n be 768/a + (-7)/35. Suppose 2*h + 4*f - 78 = 0, 4*h - 225 = f - n. List the prime factors of h.
43
Let u(j) = j**2 + 13*j + 6. Let p be u(-13). Let d be p*(140/(-6))/5. Let o = d + 70. What are the prime factors of o?
2, 3, 7
Suppose 214*v - 413353 = -3*v + 5948002. List the prime factors of v.
5, 11, 13, 41
Let q = 21925 - 11400. What are the prime factors of q?
5, 421
Suppose 2*i = -i - 5*k - 153, 2*i + 104 = -4*k. What are the prime factors of (-1)/((-8)/i)*(-76 + 8)?
17, 23
Suppose 27*i - 31*i = -12. Suppose -236 - 523 = -i*p. List the prime factors of p.
11, 23
Suppose 0 = 328*r - 307*r - 184968. List the prime factors of r.
2, 3, 367
Suppose -3*a = -17*j + 16*j - 115645, -3*a = 2*j + 231245. List the prime factors of (4/(-10))/(62/j).
2, 373
Suppose -2*l - 54 = -t - 14, 75 = 3*t + 3*l. Let q = t - -280. What are the prime factors of q?
2, 5, 31
Suppose -3*w - w + 5*v = -836, 5*v = w - 209. Let a = -47 + w. List the prime factors of a.
2, 3
Let q = -16 - -19. Suppose 0 = -i - y + q, 18 = -2*i + 4*i - 4*y. Suppose i*z = 3*u - 64 - 367, -3*z + 281 = 2*u. List the prime factors of u.
2, 71
Suppose 0 = -3*a + 2*g + 7, -4*a + 11*g - 6*g = 0. List the prime factors of (2 + -676)*(-1)/(-3 + a).
337
Suppose 26*p - 2*p = -48. What are the prime factors of (-11128)/(-182) + p/14?
61
What are the prime factors of ((-7888)/24 - 2)/(10/(-1320))?
2, 11, 31
What are the prime factors of (-13050 - -70)*(-4)/10?
2, 11, 59
Suppose 0 = 4*x + 2*t - 9198, 2*x - 2094 = -3*t + 2499. List the prime factors of x.
3, 13, 59
Let g = 35122 + -1186. What are the prime factors of g?
2, 3, 7, 101
What are the prime factors of -14 + (-8 + 245848)/7?
2, 3, 5851
Let v(x) = 64*x - 20. Suppose -7*k + 8*k + 3*c - 20 = 0, 0 = -c + 5. List the prime factors of v(k).
2, 3, 5
Suppose z - 132721 = -4*f, -5*f + 3*z + 123245 = -42635. List the prime factors of f.
33179
Let n(p) be the second derivative of 10/3*p**4 + 1/3*p**3 + 16*p + 0 - 1/2*p**2. List the prime factors of n(1).
41
Let j be ((-315)/6)/(-15)*2. List the prime factors of 929/1*j/(5 - -2).
929
Let j(d) = -d**2 - 4*d - 5. Let x be j(-2). Let p be (x/(4/(-8)))/(3/(-6)). List the prime factors of (-16)/24*474/p.
79
Suppose -5*a = 4*n - 227739, 15 = -2*n + 7. List the prime factors of a.
11, 41, 101
Suppose -484*s - 193509 = -119*s - 4389184. List the prime factors of s.
5, 11, 19
Let m = -124 + 148. Suppose m*b - 27*b = -1161. What are the prime factors of b?
3, 43
Let n(h) = -h**3 + 34*h**2 + 156*h - 405. What are the prime factors of n(34)?
3, 23, 71
Let h(v) = v**3 + 14*v**2 + 12*v + 18. Let a be h(-13). Let i = a - -154. List the prime factors of i.
5, 37
Let v = 31 - 28. List the prime factors of (v + 2 + -3)*181.
2, 181
Suppose -339 = -17*n + 392. Let l = n + 325. What are the prime factors of l?
2, 23
Suppose 70*i - 2209199 - 1250551 = 0. What are the prime factors of i?
3, 5, 659
Suppose 164*c + 57 = 167*c. Suppose -c*a + 2115 = -16*a. What are the prime factors of a?
3, 5, 47
Suppose -434*h - 4112268 = -52*h - 37955558. List the prime factors of h.
5, 13, 29, 47
Suppose -55*x = -2380400 + 768515. What are the prime factors of x?
3, 9769
Let y(n) = n**3 + 3*n**2 + 4*n + 10. Let o be y(-3). List the prime factors of (333/6 + -1)*o*-5.
5, 109
Suppose 4*p - 95 = -23. Suppose 10*u - u = -p. List the prime factors of (184/u)/(5 + -6).
2, 23
Let x = 86 - 160. Let a(q) = -q**3 - q + 150. Let i be a(0). Let j = x + i. List the prime factors of j.
2, 19
Let a(z) = -3*z + 22*z**2 + 54 - 54*z**2 - 8*z + 18*z**2 - z**3. List the prime factors of a(-17).
2, 277
Let s(y) = -41 + 13 - 13 + 34*y - 5 - 45. What are the prime factors of s(24)?
5, 29
Let a = 106 - 109. List the prime factors of a/((63/6)/7) + 377.
3, 5
Let i = 25 - 23. Suppose 6*h + i = 7*h. Suppose 3*f - 47 = -2*c, 0*f - 5*c + 35 = h*f. What are the prime factors of f?
3, 5
List the prime factors of ((-244875)/10 - -5)*(36/20 - 3).
3, 7, 1399
Let c(w) = 104*w - 529. What are the prime factors of c(13)?
823
Let q be (-4)/(-6) + 7*12/9. Let k be (-630)/1*q/(-20). Suppose o = 4*o - k. What are the prime factors of o?
3, 5, 7
Let y(x) = x**3 + 5*x**2 + 4*x + 3. Let s be y(-3). Suppose -3*j + 0*j = -s. Suppose 2*g = -j*l + 187, l + l + 2